-23 - -24. Let g be 1*(k + -4) + 3715. Is 18/30 + g/5 a composite number?
False
Let b = -18813 - -36032. Is b a prime number?
False
Let s(q) = -60*q**3 + 32*q**2 - 12*q + 93. Is s(-15) a prime number?
False
Let x = 5 + -1. Suppose 4*l - 4*f - 5044 = 0, -x*f = -l + 4*l - 3811. Let n = l + -258. Is n composite?
True
Suppose -5*k + 3*k + 20 = -3*n, -3*k = -4*n - 31. Suppose k*b - 17*b = -9916. Is b a prime number?
False
Suppose -1479*q + 1486*q - 52045 = 0. Suppose 3*b = 5*d + 8*b - 12380, 3*d = 4*b + q. Is d composite?
False
Suppose 108872 = 5*o - 3*j, o - 3*j + 87103 = 5*o. Let h = 34496 - o. Suppose 0 = 5*g - h - 3774. Is g prime?
True
Let p be (-45)/(-4) - 6/24. Let k(d) = 147*d - 74. Is k(p) composite?
False
Let h = -212 + 216. Suppose 38363 = h*n + 5*t, 0 = 4*n - 3*t - t - 38336. Is n a prime number?
True
Let w = -20893 + 81020. Is w composite?
False
Suppose 2*m + 2*g - 14 = 82, -4*g = -5*m + 231. Suppose m*j - 43*j = 7844. Is j prime?
False
Suppose 768 = 6*j - 2034. Suppose -j = -3*l + 6142. Is l composite?
False
Suppose -49*v + 53*v + 32 = 0. Let y(t) = -14*t**3 + 14*t**2 + 25*t - 11. Is y(v) a prime number?
True
Suppose n + 2*d = 1 - 5, -6 = -3*n + 3*d. Let y(t) = 2*t + 698. Let f be y(n). Suppose 0 = -b + f + 363. Is b a composite number?
False
Let d = 1068432 - 560135. Is d a prime number?
True
Suppose -530*o + 35916297 = -443*o. Is o prime?
True
Let i(r) be the second derivative of -394*r**3/3 - 13*r**2/2 + 91*r. Is i(-10) a composite number?
False
Suppose 12 = 3*t + u - 3*u, -3*t + 12 = u. Suppose 5*z - 3540 = d, -z + 0*z - t*d + 729 = 0. Is z prime?
True
Let a(n) be the first derivative of 7707*n**3 + 2*n**2 - 145. Is a(-1) a composite number?
False
Let q(p) = 42*p**2 + 18*p - 77. Let c be ((-15)/(-5) - 5)*-1*3. Is q(c) prime?
True
Suppose -2*n + 27 - 23 = 0. Suppose n*f = -954 - 192. Let i = f + 1126. Is i a composite number?
True
Let c = 244 - -417. Let h = 2292 - c. Is h a composite number?
True
Suppose -99393 = -12*l + 5*l. Suppose -4527 + l = 24*j. Is j composite?
True
Suppose 483816 = 27*k + 133125 - 242175. Is k prime?
False
Suppose -5*q - 799468 = -2*c, -12*c - 2*q - 1598888 = -16*c. Is c prime?
True
Let s = 47901 + -26114. Is s a composite number?
False
Let j = 3483 + -5473. Let p be (2/1)/(20/j). Let u = 756 + p. Is u a composite number?
False
Suppose -44*a = -2242269 - 6918047. Is a a prime number?
True
Let y = 475 - 20. Suppose -y*d - 1329 = -458*d. Is d a composite number?
False
Let z(q) = -626*q**2 - 6*q - 30. Let i be z(-7). Let x = 45929 + i. Suppose -4*s + 505 = -x. Is s a prime number?
True
Suppose -132 = 144*x - 133*x. Is (x + -2)*(-5728)/64 a prime number?
False
Let m be 1 + (-2 - 1) + 7. Suppose m*h - 457 = 248. Suppose 0 = 2*a + 2*k - h - 37, 354 = 4*a + 5*k. Is a a prime number?
False
Suppose 1229185 = 279*a - 194*a. Is a prime?
True
Let x(v) = 8*v**2 + v**2 - 2*v**2 - 13*v - v**3 + 5*v**2 + 18. Let p be x(11). Is 14037/7 - p/(-14) a prime number?
False
Let j be -1*(-16 - 4 - 3). Let q = 25 - j. Suppose -4*o = -q - 10, 2316 = 3*h + o. Is h composite?
True
Let b = 39 - 35. Let r be (51/9 - b)*3. Is (-1 - -1184) + -2 + r + -5 composite?
False
Let j(l) = l**3 - 2*l**2 + l + 1. Let p be j(2). Suppose 4*m - 22*m = -9144. Suppose -m = -p*d - d. Is d a composite number?
False
Let r = 158261 + 16560. Is r a prime number?
True
Let g = 344476 - -112753. Is g prime?
True
Suppose -8162972 + 2748087 = -35*t. Is t a composite number?
True
Let k be (1/1)/((-4)/4). Let d = k - -1044. Is d a prime number?
False
Let q(f) = 3004*f + 756. Let h(c) = -601*c - 151. Let x(v) = -11*h(v) - 2*q(v). Is x(50) composite?
True
Let w be ((-10)/3 - -2)*(39 - 48). Is w/(-10) - ((-824910)/50 + -2) a composite number?
True
Let a = 142 - 135. Is (-12 - (0 - a)) + 1852 composite?
False
Let v(x) = x**2 - 5*x. Let i be v(6). Suppose i*k - 48716 - 166 = 0. Is k composite?
False
Suppose 55*m = 122*m - 489*m + 259587814. Is m a composite number?
False
Let o(l) = -l**3 + 11*l**2 + 25*l + 13. Let w be o(13). Let i be 10 + (-3)/(3 - w). Suppose -i*c + 218 - 11 = 0. Is c prime?
True
Is (-4)/(-8)*596176/8 a composite number?
True
Let n(f) = -2*f**2 - 23*f + 9. Let j be n(-13). Let r = j - -69. Is 870/4*26/r prime?
False
Is (-16 - 184/(-8)) + 65944 composite?
False
Suppose -4*h = -l - 695623, -4*h - 3*l = -5*l - 695626. Is h a prime number?
False
Let b be (150/9)/(-2)*-3. Let l be b/(-25)*(-1 - -2). Is l/(5/(-13305)*3) composite?
False
Suppose -2*w + 3*c = -0*w + 24, 4*c = -w + 10. Let f(t) = 8*t**2 + 13. Let a be f(w). Suppose -m - a = 4*h - 3354, 0 = -4*m + h + 12144. Is m composite?
False
Suppose 6*o = 11 + 13. Suppose o*v + 270 = -5*r, -110 = 2*r + 2*v - 0*v. Is (-8677)/(-5) - 2/r*-10 prime?
False
Let t = 223 - 223. Suppose -2*q + 5*q + 5*s - 9147 = t, 3*s = 0. Is q prime?
True
Suppose 0 = -5*p - 3*a + 1003 - 16042, -p = a + 3007. Let k = -808 - p. Is k a composite number?
True
Let q be (-1)/(-5) + (-7)/((-35)/44). Let f be (q + -9)/(3 + -1). Suppose f = 5*p - 2*p - 6447. Is p composite?
True
Let t = 51 + -42. Let o(a) = -120*a - 2 - t - 3. Is o(-4) prime?
False
Is -11 + (-20 + 14)*-205724 a prime number?
True
Let h(r) = -r**3 + 34*r**2 + 82*r - 71. Let c be h(36). Suppose -c + 7715 = x + 3*j, 4*x = 4*j + 29624. Is x a prime number?
True
Let n(s) be the first derivative of -s**3/3 - 5*s**2/2 + 21*s - 4. Let l be n(9). Is (-11879)/l + (-4)/30 composite?
False
Let r(t) = 10977*t**2 + 33*t + 2. Is r(-8) a composite number?
True
Suppose 9*l - 6*l = 0. Is (-414656)/(-114) - (l + 2/6) a prime number?
True
Suppose -5*b + 197 = 22. Suppose -5*f - 25 - b = 0. Is f/2*9/27 - -57 prime?
False
Let t(h) = 157*h**2 - 7*h - 75. Suppose -429*r + 48 = -435*r. Is t(r) a prime number?
False
Let i = 505491 - 308314. Is i a composite number?
True
Suppose 63*l - 3056 = 59*l. Is ((66/(-8) + 5)*l)/(-1) a prime number?
False
Let q = 148 + -145. Is (-6 - 153/(-27)) + 2902/q a composite number?
False
Let k(a) = -18729*a - 10. Let b be k(-1). Suppose 0 = -7*j + b + 5270. Is j a composite number?
True
Suppose 60*t - 8680 = 50*t. Let n = 61 + -192. Let k = t + n. Is k a prime number?
False
Let i be ((-15)/2)/3*(-136)/170. Suppose 3*p = -i*t + 12361, t - 4*p = -0*t + 6153. Is t a composite number?
False
Let q(n) = 148*n**2 - 4*n - 9. Let l = -27 - -32. Is q(l) a prime number?
True
Suppose -4*s + 2269026 = 3*p - 980685, 4*p - 3*s = 4332948. Suppose 27*g + 439098 - p = 0. Is g a composite number?
False
Suppose 2 + 10 = 4*j. Suppose -4*u = -p + j*p + 1416, -4*u = 3*p + 2132. Let l = p - -1009. Is l prime?
True
Suppose -x = 3*x - 20. Let b = 2699 + -1640. Suppose -x*u + 1406 = -b. Is u prime?
False
Suppose -2*l - 2*s = -8, 23 + 13 = 3*l - 3*s. Is l + 1783 + 4 + 6 a prime number?
True
Let u be (16/6)/((-14)/13608). Let b = u - -5591. Is b a prime number?
True
Let o(a) = -a**3 + 98*a**2 - 251*a - 279. Is o(86) composite?
True
Suppose 32*v + 13*v = 1350138 - 77943. Is v a prime number?
False
Let n(y) = 2730*y + 53. Is n(11) prime?
False
Suppose 186*x = 188*x + 4162. Let n = 4402 + x. Is n prime?
False
Let a(j) = -j + 12. Let n be a(-20). Let i = -30 + n. Is i/(5/(620/8)) a prime number?
True
Let v(n) = n**2 + 17*n - 13. Let z = -62 + 44. Let a be v(z). Suppose 2*t - a = 63. Is t composite?
True
Suppose 4*o = m - 2, 3*o = -m - m + 37. Suppose -3*a + 2*i = -m, -21 = -4*a + i + 4*i. Suppose -678 = -3*p - 3*w, -p = p + a*w - 458. Is p prime?
True
Is 312 + -311 + 1 + 43541 a prime number?
True
Let q(u) = 12*u**2 - 2*u - 2. Let d be q(-1). Suppose b = -2*b + d. Is (b - 1)*(-2590)/(-30) composite?
True
Suppose -18156 + 50578 = -13*a. Let r = -201 - a. Is r a prime number?
True
Suppose 21*x - 15*x = 0. Suppose x = 13*a + 7786 - 21683. Is a prime?
True
Suppose 220 = 3*j - 338. Suppose -3*z = 5*f - 7290, z - j = -5*f + 2244. Is 2 + 1 - (-1 + 0)*z a composite number?
True
Suppose 82189 = p - 2*w, 6*p - 9*p = 2*w - 246607. Is p a composite number?
True
Is (-501903)/(-15) - (-1 + (-12)/(-60)) prime?
True
Let b(j) = j**3 + 221*j**2 - 141*j - 678. Is b(-187) a prime number?
False
Suppose -g + 3*g = -r + 29, 2 = -g + 5*r. Is (7/2)/(g/2054) a prime number?
False
Let j(w) = -w**2 - 20*w - 34. Let m be j(-18). Suppose 0 = m*y + h + 2*h - 36550, -y + 18253 = -4*h. Is y prime?
True
Suppose 13*j - 730660 - 1